{"id":737,"date":"2012-09-19T21:11:37","date_gmt":"2012-09-19T19:11:37","guid":{"rendered":"http:\/\/www.bellina.eu\/?page_id=737"},"modified":"2024-01-15T12:27:40","modified_gmt":"2024-01-15T10:27:40","slug":"veranstaltung-26-09-2012","status":"publish","type":"page","link":"https:\/\/www.bellina.eu\/?page_id=737","title":{"rendered":"Veranstaltungen"},"content":{"rendered":"\n<p>F\u00fcr 2024 sind momentan keine Veranstaltungen geplant.<\/p>\n\n\n\n<hr class=\"wp-block-separator has-alpha-channel-opacity\"\/>\n\n\n\n<p>31.03 &#8211; 03.04.2016<br>Slow Food, Messe des guten Geschmacks in Stuttgart. Erstmals Auftritt zusammen mit SOB Olearia als Auftakt f\u00fcr die Markteinf\u00fchrung.<\/p>\n\n\n\n<p>Mai 2016, Wanderreise Sizilien<br>Etna, Madonie, Sikaner Berge. Auf Wunsch Besuch antiker St\u00e4tten wie Segesta, Selinunt, Entella &#8230;<br>Anreise: Flug nach Catania, Abreise: Flug ab Trapani<\/p>\n\n\n\n<p>September 2016 Kulturreise Sizilien<br>Etna, Antike St\u00e4tten und Zentren Mittelalterlicher Kultur, Kl\u00f6ster, Schl\u00f6sser und Naturparks, Cucina Siciliana<br>Anreise: Flug nach Catania, Abreise: Flug ab Trapani<\/p>\n\n\n\n<p>23.10. &#8211; 15.11.2016 Olivenernte in Bisacquino,<br>Erleben Sie mit, wie ein gutes Oliven\u00f6l entsteht.<br>Anreise: Flug nach Trapani, Abreise: Flug ab Trapani<br>Die maximale Teilnehmeranzahl pro Woche ist 8 Personen, bei<br>Interesse bitte per Email anfragen.<\/p>\n","protected":false},"excerpt":{"rendered":"<p>F\u00fcr 2024 sind momentan keine Veranstaltungen geplant. 31.03 &#8211; 03.04.2016Slow Food, Messe des guten Geschmacks in Stuttgart. Erstmals Auftritt zusammen mit SOB Olearia als Auftakt f\u00fcr die Markteinf\u00fchrung. Mai 2016, Wanderreise SizilienEtna, Madonie, Sikaner Berge. Auf Wunsch Besuch antiker St\u00e4tten &hellip; <a href=\"https:\/\/www.bellina.eu\/?page_id=737\">Weiterlesen <span class=\"meta-nav\">&rarr;<\/span><\/a><\/p>\n","protected":false},"author":1,"featured_media":0,"parent":0,"menu_order":0,"comment_status":"closed","ping_status":"closed","template":"sidebar-page.php","meta":{"footnotes":""},"class_list":["post-737","page","type-page","status-publish","hentry"],"_links":{"self":[{"href":"https:\/\/www.bellina.eu\/index.php?rest_route=\/wp\/v2\/pages\/737","targetHints":{"allow":["GET"]}}],"collection":[{"href":"https:\/\/www.bellina.eu\/index.php?rest_route=\/wp\/v2\/pages"}],"about":[{"href":"https:\/\/www.bellina.eu\/index.php?rest_route=\/wp\/v2\/types\/page"}],"author":[{"embeddable":true,"href":"https:\/\/www.bellina.eu\/index.php?rest_route=\/wp\/v2\/users\/1"}],"replies":[{"embeddable":true,"href":"https:\/\/www.bellina.eu\/index.php?rest_route=%2Fwp%2Fv2%2Fcomments&post=737"}],"version-history":[{"count":13,"href":"https:\/\/www.bellina.eu\/index.php?rest_route=\/wp\/v2\/pages\/737\/revisions"}],"predecessor-version":[{"id":1946,"href":"https:\/\/www.bellina.eu\/index.php?rest_route=\/wp\/v2\/pages\/737\/revisions\/1946"}],"wp:attachment":[{"href":"https:\/\/www.bellina.eu\/index.php?rest_route=%2Fwp%2Fv2%2Fmedia&parent=737"}],"curies":[{"name":"wp","href":"https:\/\/api.w.org\/{rel}","templated":true}]}}